40*a - 3977224 - 46289. List the prime factors of a.
3, 3821
Let s = 68 + -60. Let n be (s - 6) + (3 - 0). Suppose -n*l = 3*l - 232. What are the prime factors of l?
29
Let u be ((-26)/8)/((-14)/1008). Suppose -4*n - j + u = -44, -8 = 4*j. List the prime factors of n.
2, 5, 7
Let s = 57285 - 22768. What are the prime factors of s?
7, 4931
Suppose -908598 = -57*x - 207384. What are the prime factors of x?
2, 6151
Suppose 25 = 4*a + 5. Let h = -81 + 240. Suppose 9 = -a*v + h. What are the prime factors of v?
2, 3, 5
Suppose -18*t + 14*t - 12 = 2*z, -12 = -3*z + 4*t. Suppose -38*u + 29706 - 5842 = z. List the prime factors of u.
2, 157
Suppose -8 = 2*x, -2*x = 5*h - 3*x - 14. Let r be -15 + (3 - (h + -2)). Let i = -7 - r. List the prime factors of i.
5
Suppose -2*d = i + 1, 3*i + 15 = 82*d - 84*d. Let m(f) = -5*f - 4. Let c be m(-5). What are the prime factors of c*(-2)/(i/(28/24))?
7
Suppose -1 = -r - 4*g + 4, -r - 3*g + 5 = 0. Suppose 5*z - 3457 = -5*t + z, -3439 = -r*t + 2*z. Suppose -499 - t = -9*x. List the prime factors of x.
2, 3, 11
Let d = 737 + -631. Let z = d - -31. List the prime factors of z.
137
Suppose 0 = 5*z - z. Let u(p) = 19 + 21*p**2 - p**3 + z*p + 2*p**3 - 25*p. List the prime factors of u(-22).
5, 17
Let v be 16/20*(-5)/(-2). Suppose -3*p = 3*f - 41 + v, -f + 9 = 3*p. What are the prime factors of f?
3, 5
Suppose 5904 = -24*x - 0*x. Let u = -162 - x. What are the prime factors of u?
2, 3, 7
Let s(a) = -1808*a - 818. What are the prime factors of s(-3)?
2, 7, 47
Suppose 36*j - 32*j = 164. Suppose -j*d + 31724 = 3*d. What are the prime factors of d?
7, 103
Suppose 0*n = -6*n + 36. Suppose 125 - 389 = -n*r. Suppose -948 = -8*l - r. What are the prime factors of l?
113
Let n(u) = -u**3 - 3*u**2 + 3. Let x be n(-3). Let z(h) = 2*h**2 - h - 51. Let j be z(8). Suppose 2*b - j = -x. What are the prime factors of b?
3, 11
Let q(k) = -k**3 - 2*k**2 + 7*k + 916. What are the prime factors of q(0)?
2, 229
List the prime factors of 1 - 5 - (6512/(-20))/((-4)/(-160)).
2, 3, 5, 7, 31
Suppose -j = 5*h + 2*j - 2968, 0 = 2*h - 4*j - 1208. Suppose 4*y - 1040 = h. What are the prime factors of y?
409
Let q be (5/(-4) - -1)/(9/(-108)). Suppose 2*j - z = 8, -j - z - 5 = q*z. Suppose 0*k + 168 = j*k. What are the prime factors of k?
2, 7
Let m(x) = -1366*x - 1293. What are the prime factors of m(-3)?
3, 5, 11, 17
Let j(g) = -104*g + 179. Let i be 0 + 8/20 - (-32)/(-5). What are the prime factors of j(i)?
11, 73
Suppose 2*t - 3*t + 9274 = -6091. What are the prime factors of t?
5, 7, 439
Let i(s) = 18*s**2 + 5*s - 3. Suppose -29 = -2*n - 0*q - 3*q, 4*n - 4*q = 8. Let w be (-42)/n*(2 + 21/(-9)). What are the prime factors of i(w)?
79
Suppose -2*p = -3*f + 167, -6*f + p = -f - 290. Suppose 3*z + f = 2*z. Let c = z + 137. List the prime factors of c.
2, 3, 13
Suppose -523 - 1115 = -3*z. Suppose 0 = -o - 3*y - z, -2*y - 1088 = o + o. Let j = -383 - o. What are the prime factors of j?
2, 5
Let m(o) = 12 + 1327*o - 1336*o + 6 + 2*o**2 + 0*o**2. List the prime factors of m(10).
2
Suppose -r + 123 = 74. Suppose 21*u + 31920 = r*u. What are the prime factors of u?
2, 3, 5, 19
Let f(b) = -161*b**2 + 1449*b. Let y(z) = z. Let h(d) = -4*f(d) + 5796*y(d). Let l be h(-1). Suppose l = 4*j + 3*j. What are the prime factors of j?
2, 23
Suppose -7*o + 17*o - 30 = 0. What are the prime factors of ((-11836)/110)/(o/((-30)/4))?
269
Suppose -5*n + 2 = -23. Let a(q) = -q**3 + 2*q**2 + 16*q - 6. Let u be a(n). What are the prime factors of 10 + 25/5 - (u - -3)?
13
List the prime factors of 1*(-6 - 54677/(-7)).
5, 7, 223
Let u(w) = -w - 18. Let k be u(-12). List the prime factors of -1*(-3714)/4*k/(-9).
619
Suppose 8*b - 3*b + 2*g = 12892, -3*b = 5*g - 7720. What are the prime factors of b?
2, 3, 5, 43
What are the prime factors of (-4)/(-7) - (-3080672)/784?
2, 3, 5, 131
What are the prime factors of -3*35688/60*-5?
2, 3, 1487
Let g = 50762 - 36229. List the prime factors of g.
14533
Let t(m) = -m**3 - 18*m**2 + 3. Let f be t(-18). Suppose f*j - b + 3*b - 525 = 0, -2*b + 352 = 2*j. List the prime factors of j.
173
Let h(p) be the first derivative of -p**5/20 + p**4/2 - 6*p**2 - 11*p - 3. Let d(w) be the first derivative of h(w). List the prime factors of d(5).
13
Suppose -4*a - 3338 + 23096 = 2*x, 0 = -4*x + 3*a + 39615. List the prime factors of x.
3, 3299
What are the prime factors of (14529 + (13 - -6))*1?
2, 3637
Let w = -1932 + 1934. Suppose 4*s + s = -2*d - 99, 3*d - 72 = 3*s. List the prime factors of s/(-6) + -4 + 109/w.
2, 3
Suppose 3*f - 8*d + 4*d = 27051, 5*d + 18041 = 2*f. List the prime factors of f.
9013
Let s(k) = 611*k - 30. List the prime factors of s(4).
2, 17, 71
Let o be -611 + (-13)/(26/6). Let x = 1439 + o. List the prime factors of x.
3, 5, 11
Suppose g - 2 + 0 = 0. Suppose u - 22 = -g. Suppose -3*y = -5*y + u. What are the prime factors of y?
2, 5
What are the prime factors of (555/(-25) - 3)/(41630/(-5200) + 8)?
2, 3, 7, 13
Let u(f) = 2*f**2 + 18*f - 1148. What are the prime factors of u(69)?
2, 601
Let m = 276 + -282. List the prime factors of (-12)/(-9)*(-1845)/m.
2, 5, 41
Let w(g) = -63*g + 62. Let y be w(12). Let l = -351 - y. List the prime factors of l.
7
What are the prime factors of 11 - 51/17 - -9125?
9133
Suppose -90 = 2*n - 118. Let i(v) = -v**2 + 23*v + 19. What are the prime factors of i(n)?
5, 29
Let b(k) = 9*k - 131. Let c be b(16). Suppose -15*s = c*s - 3920. List the prime factors of s.
2, 5, 7
Let c(i) = 211*i - 19185. List the prime factors of c(164).
17, 907
Let i = -557 + -71. Let d = -334 - i. List the prime factors of d.
2, 3, 7
Suppose -g = 5*h - 61765, 445*g = 4*h + 444*g - 49403. What are the prime factors of h?
2, 193
Let a = 14623 - 5661. List the prime factors of a.
2, 4481
Let p = 943 - 400. Suppose -6*r + p + 1419 = 0. List the prime factors of r.
3, 109
Suppose 5*k - 11350 = -0*k. Suppose -3*v = 0, -5*b + 10*v + k = 6*v. What are the prime factors of b?
2, 227
Suppose -2*t + 5 = 1. Suppose 37*z - 104 = 81. Suppose z*n - 755 = -3*f, -3*f = t*n - 0*f - 311. What are the prime factors of n?
2, 37
Let z(h) = 3513*h - 134. What are the prime factors of z(2)?
2, 1723
Suppose 8*g = 1367 + 449. Let r = 506 - g. List the prime factors of r.
3, 31
Let q(s) = -9*s**2 + 7*s - 3. Let c be q(4). Let j = 582 + c. What are the prime factors of j?
463
Let h = 13110 + -8545. List the prime factors of h.
5, 11, 83
Let h = 169 - 103. Let w = 212 - h. Let z = w - 80. What are the prime factors of z?
2, 3, 11
Let l be 6/8*(6 + -2). Let c be (2/(-3))/(l/(45/(-2))). Let w(m) = 5*m**2 - 16*m + 7. What are the prime factors of w(c)?
2, 13
Let r = 49617 + -33269. List the prime factors of r.
2, 61, 67
Let s = -1286 - -2104. Let c = s - -391. What are the prime factors of c?
3, 13, 31
Let y be 6 - 5 - (6/2)/(-3). Suppose -5*r - y*d = -3009, 0*r - 5*r + 2*d + 3001 = 0. List the prime factors of r.
601
What are the prime factors of (-9844)/(-2) - (-3 + (3 - (8 - 7)))?
3, 547
Let s = -2705 + 3974. What are the prime factors of s?
3, 47
Suppose 4*n + 18263 - 4478 = -5*j, 5*n + 3*j + 17228 = 0. Let o = -1867 - n. What are the prime factors of o?
2, 3, 263
Let f(d) be the first derivative of 14*d**3/3 - d**2/2 - 27*d - 147. What are the prime factors of f(7)?
2, 163
Suppose -5*p = -p + 64. Let i(o) = -9*o + 23883*o**2 - 23881*o**2 + 32*o + 10. What are the prime factors of i(p)?
2, 7, 11
Let s be 28/7*7/4. List the prime factors of 6 + (-1)/(s/(-1862)).
2, 17
Suppose -18*t + 28516 = -21938. List the prime factors of t.
2803
Let a(i) = -9*i**3 - 83 + 10*i**2 - 10*i + 89 + 8*i**3. List the prime factors of a(6).
2, 3, 5
Let s(u) = 242*u + 1. Let m(t) = -4*t - 44. Let w be m(-21). Let j be 1/((-10)/(-8) - 10/w). What are the prime factors of s(j)?
3
Let j(t) = 308*t**3 - 4*t + 3. Let h(g) = 11*g - 10. Let f be h(1). What are the prime factors of j(f)?
307
Let a = -17424 - -33765. List the prime factors of a.
3, 13, 419
Let t(l) = -15*l - 122. Let c be t(-25). Suppose -q = -5*f + 1310, -59*f + 2*q = -58*f - c. List the prime factors of f.
263
Let i = -199 - -199. Suppose i = -y + 183 + 129. What are the prime factors of y?
2, 3, 13
Let z(g) be the first derivative of g**3/3 + 10*g**2 - 20*g + 21. Let x be z(-15). Let j = 80 - x. List the prime fact